 tens digit of d?
8
What is the ten thousands digit of 15 - ((-280)/14 - 38560)?
3
Suppose h + 3*o - 226 = 7046, -3*h + 21844 = -5*o. What is the tens digit of h?
7
Let c be (1 - (-1 + 0))*(-1 - -8). Suppose -2*f - 2 = -4*x, -3*f + c = x + f. What is the tens digit of 19/2*(3 - (x - 1))?
1
Let i(w) = w**3 - w + 10. Let d be i(0). Suppose -d*l + 15*l - 365 = 0. Suppose l = 5*s - 97. What is the units digit of s?
4
Let c be (56/(-12) - -5)/(3/18). Suppose -2*t - 264 = -o - t, -c*t = 5*o - 1341. What is the hundreds digit of o?
2
Suppose -28 = 2*c - 6*c. Suppose 13 = 5*f - 2, -5*m + f + c = 0. Suppose -h - 232 = -m*d, 0 = 3*d - 0*d + 5*h - 322. What is the units digit of d?
4
Suppose 0 = 230*x - 222*x - 32. Let m(k) = -2*k - 3. Let p be m(-3). Suppose 0 = -4*c + 12, 0*r + 411 = p*r - x*c. What is the units digit of r?
1
Suppose -3*b + 12*b - 26829 = 0. Let m = b + -1659. What is the thousands digit of m?
1
Let g be (4/8)/(-1)*(-5 + -5). Suppose -16*q + 11*q + 5*m + 8025 = 0, q + g*m - 1587 = 0. What is the tens digit of q?
0
Suppose 2*g - 4*g - w + 34 = 0, -11 = -g + w. Suppose 0 = -3*p - g, -m - 5*p + 41 = -92. What is the tens digit of m?
5
Suppose 132*z - 136*z = 4*o - 29108, 29105 = 4*z + o. What is the units digit of z?
6
Suppose -7*c + 24 = 10, -4*c - 11420 = -4*b. What is the thousands digit of b?
2
Let c(f) be the first derivative of f**3/3 + 4*f**2 - 25*f + 176. What is the tens digit of c(4)?
2
What is the units digit of (16 + -42)*((-588)/4 - -4)?
8
Let d(a) be the second derivative of 19*a**4/6 + a**3/3 + 5*a**2/2 + 4*a. Suppose 5*v + 3*i + 19 = 0, 4*i + 5 + 11 = -2*v. What is the tens digit of d(v)?
5
Suppose 5*b - 147 + 31 = -2*c, -c + b = -51. Suppose -c*w = -55*w + 3*s + 542, -1366 = -5*w + 2*s. What is the tens digit of w?
7
Suppose 2*z = 14, 3226*z - 42227 = -y + 3227*z. What is the thousands digit of y?
2
Let c(x) = -6685*x + 462. What is the units digit of c(-2)?
2
Suppose 48*g - 60 = 38*g. What is the tens digit of (-92)/(-3)*g/4?
4
Suppose 0 = -5*s + 4*x, 0 = 4*x - 5*x. Suppose 0 = 5*j - 3*n - 6, s*j = -j - n - 2. What is the units digit of j + -3 + (-3 - -4)*107?
4
What is the thousands digit of (10 + -643 - -1)/((-2)/4)?
1
Suppose -83*y + 154*y - 81*y = -140150. What is the thousands digit of y?
4
Suppose 3*r = 9, -3*s + 195 = -6*s - 5*r. Let n = 168 - s. What is the units digit of n?
8
Let l(b) = 3*b**2 + 10*b - 11. Let k = 154 + -175. What is the thousands digit of l(k)?
1
Let i = 326 + -324. What is the units digit of (7 + 10 + -42)/(i/(-26))?
5
Let u(d) = -d**3 - 35*d**2 - 270*d - 305. What is the thousands digit of u(-42)?
3
Let a(u) = -138*u + 5. Let y be a(-3). Suppose -4*n + 808 = 2*d, -3*n + y = 4*d - 1192. What is the hundreds digit of d?
4
What is the hundreds digit of 5/(-4) - 617/(-4)?
1
Let j = 56458 + -37893. What is the units digit of j?
5
Suppose -m = 5*i + 30 - 10, 5*m = 2*i - 73. Let a = m + 17. Suppose -3*r + 11 = -a*v, 2 = v + 3. What is the units digit of r?
3
What is the hundreds digit of (-5)/10*-77908 - (8 - 16/2)?
9
Suppose 5*b - 167282 = -3*u + 13842, -3*b + 108700 = 5*u. What is the ten thousands digit of b?
3
Suppose 0 = -15*r + 178*r - 7957334. What is the ten thousands digit of r?
4
Suppose 0 = -4*v + 5*p + 9427, -5529 = -5*v - p + 6291. Let r = v - 1355. What is the hundreds digit of r?
0
Let p(h) = -4 - 18*h + 7 + 16*h + h**2 + 14*h. Let n be p(-12). Suppose 31 = 2*u - n. What is the tens digit of u?
1
Let b = 25555 + 24065. What is the tens digit of b?
2
Suppose -g + 852 = 868. Let z(a) = -40*a + 129. What is the units digit of z(g)?
9
What is the thousands digit of 104/(-24) + 5 - 612344/(-24)?
5
Let a = -9494 - -53952. What is the units digit of a?
8
Let v = -106 + 114. Suppose 11*q = v*q + 951. What is the units digit of q?
7
Suppose -3*l + 12 + 6 = 0. Suppose -l*t + 487 + 647 = 0. What is the hundreds digit of t?
1
Let l = -22 + 71. Suppose -4200 + l = -7*a. What is the tens digit of a?
9
Suppose -1 - 3 = -2*g, 5*g + 8153 = 3*q. Suppose -p + 921 = -8*t + 11*t, 5*t = 3*p - q. What is the hundreds digit of p?
9
Suppose -h - 3*h = -2*a + 6610, 2*h - 6628 = -2*a. What is the units digit of a?
1
Suppose -r + 2*o = -15207 - 44, 61024 = 4*r + 2*o. What is the units digit of r?
5
Let a(f) = -2*f. Suppose -o - 4*r - 4 = -0*r, -r - 1 = -4*o. Let d be a(o). Suppose d = -2*x + 8*x - 270. What is the tens digit of x?
4
Let m(u) = u**2 - 6*u - 2. Let s be m(5). What is the units digit of (-110)/(s - -5) - 1?
4
Suppose -n = 4*n + 5*q - 60, -5*n = -5*q - 70. Let v(g) = 3*g**2 + 13*g - 21. What is the hundreds digit of v(n)?
6
Let y = -1716 - -2521. Suppose 0 = 3*b + 2*c - y, -2*b + 0*c = 2*c - 536. What is the tens digit of b?
6
Suppose 0 = 315*s - 313*s + 366. Let y = -242 - -170. Let g = y - s. What is the units digit of g?
1
Suppose -2*f = -4*f - 338. Let p be f - (4/12)/((-1)/9). Let i = 267 + p. What is the hundreds digit of i?
1
Let c(p) = -10*p - 10. Let s be c(3). Let h = 55 + s. Let k = h + 10. What is the units digit of k?
5
Suppose -11 = -2*u - 1. Suppose -172 = -3*f + u*z, -z + 238 = 4*f + z. What is the tens digit of -1*1*(1 - f/1)?
5
Let z(s) = -5*s - 9. Let t be z(-8). Suppose -34*l + t*l = -3687. What is the units digit of l?
9
Let p(j) = 4*j**2 + j - 9. Suppose 89*z - 88*z + 6 = 0. What is the tens digit of p(z)?
2
Suppose -4*y + 1099 = 3*n - 0*n, 2*n + 2*y = 734. Suppose 8 = -u + n. Suppose 0 = 6*a - u - 263. What is the hundreds digit of a?
1
Let y(c) = 10*c**2 + 3*c - 5. What is the hundreds digit of y(14)?
9
Suppose -113*q - 779846 = -3478376 - 974196. What is the thousands digit of q?
2
Suppose -24207 - 73132 = -13*r - 4012. What is the tens digit of r?
7
Let c(i) = -472*i + 745. What is the units digit of c(-14)?
3
Let a(b) = 5*b**2 - 20*b + 106. Suppose -18 = -g - 2*c, -3*g + 35 = -5*c - 19. What is the tens digit of a(g)?
6
Suppose -4*q + 8 = 0, -4*i + 7504 = 2*q - 3900. What is the tens digit of i?
5
Let o = 3160 + -1062. What is the hundreds digit of o?
0
Suppose 2*d + 5*g - 10 = 7*d, 6 = -2*d + 3*g. Suppose d - 1600 = -4*l. Suppose 9*v - l = 5*v. What is the hundreds digit of v?
1
Suppose -5*c + 7736 = 3*d, 7*d + 4*c - 12915 = 2*d. What is the thousands digit of d?
2
Let l = -16474 - -24818. What is the thousands digit of l?
8
Let j(t) = 126*t**2 + 41*t + 31. What is the thousands digit of j(-7)?
5
Let d be (0 - -1) + 15 + -13 - 15. Let x(u) = -u**3 - 7*u**2 + 16*u - 26. What is the hundreds digit of x(d)?
5
Let w = 12447 + -4382. What is the hundreds digit of w?
0
Let d = 3862 - 1995. Suppose 4*v - 1516 = -4*m, 5*m - d = v + v. What is the tens digit of m?
7
Let f = -89 + 94. Suppose 2*s + 5*c = 2297 + 122, -6013 = -f*s - c. What is the units digit of s?
2
Let r(p) = 36*p**2 + p + 5. Suppose -2*w = 0, 3*m + 3*w = -2*w - 12. What is the units digit of r(m)?
7
Let n be ((-12)/9)/(7/((-84)/8)). Suppose 16 = 4*p - 4*j, -3*j = -n*p + 3*p - 4. Suppose -49 = -4*u + 5*l, 2*u - p = -2*u - 4*l. What is the units digit of u?
6
Suppose a = -y - 6056, 8 = 3*y - 1. Let j = -4086 - a. What is the hundreds digit of j?
9
Let j(z) = -z**2 - 19*z + 13. Let g = -11 + 19. Let y = g - 22. What is the tens digit of j(y)?
8
What is the tens digit of 42296 - (-37)/(2220/72)*(-20)/(-3)?
0
Let l be 1 - (-1 + 0)/(-1 - 0). Suppose -679 = -l*m - m. What is the hundreds digit of m?
6
Let v = -12 + 16. Suppose -3*i = 4*f - 2*i - 104, -v*f = -i - 96. Suppose 175 - f = m. What is the units digit of m?
0
Let c(k) = 10*k - 67. Let j = 118 - 111. Let b be c(j). Suppose b*h + 3*f - 768 = 0, -740 = -5*h - f + 520. What is the hundreds digit of h?
2
Let i = -46629 - -92609. What is the thousands digit of i?
5
Let o be 1/((-15)/(-10)) + 2193/(-9). Let h = o + 303. What is the units digit of h?
0
Suppose -3*o = -7*o - 2008. Let f = 10 - o. What is the tens digit of f?
1
Let z(r) = -3*r**2 + 101*r - 18. Let m(d) = -2*d**2 + 50*d - 8. Let q(o) = 7*m(o) - 3*z(o). What is the units digit of q(6)?
0
Let w(c) = -668*c + 1292. What is the thousands digit of w(-8)?
6
What is the units digit of 27734/6 - (-29 - -19) - 8/6?
1
Suppose -470*r + 173*r = -7676559. What is the ten thousands digit of r?
2
Suppose -3*x = -t - 211 + 787, -3*t + 1672 = 5*x. Let g = t + -444. What is the tens digit of g?
2
Let f = 2789 - -5468. 